{"id":2,"date":"2025-07-04T16:55:32","date_gmt":"2025-07-04T14:55:32","guid":{"rendered":"http:\/\/serwer2010675.home.pl\/autoinstalator\/wordpressplugins\/?page_id=2"},"modified":"2025-07-09T19:32:28","modified_gmt":"2025-07-09T17:32:28","slug":"przykladowa-strona","status":"publish","type":"page","link":"https:\/\/fundacjasas.pl\/","title":{"rendered":"Strona startowa"},"content":{"rendered":"\n<p>Fundacja w swojej dzia\u0142alno\u015bci koncentruje si\u0119 na sprostaniu potrzebom wynikaj\u0105cym z zaawansowanego procesu starzenia si\u0119 spo\u0142ecze\u0144stwa, szczeg\u00f3lnie w odniesieniu do mieszka\u0144c\u00f3w regionu \u0142\u00f3dzkiego, kt\u00f3rego ten proces w spos\u00f3b szczeg\u00f3lny dotyczy. Jedn\u0105 z tych potrzeb jest szeroko rozumiana aktywizacja. Aktywni seniorzy w opinii \u015awiatowej Organizacji Zdrowia maj\u0105 mniej odczuwalne deficyty zdrowia i wi\u0119ksz\u0105 sprawno\u015b\u0107 psychofizyczn\u0105, co przyczynia si\u0119 do op\u00f3\u017anienia wyst\u0119powania u nich chor\u00f3b o charakterze przewlek\u0142ym. Skuteczne formy aktywizacji os\u00f3b starszych s\u0105 narz\u0119dziem sprawczym procesu starzenia pomy\u015blnego i czynnikiem istotnie poprawiaj\u0105cym jako\u015b\u0107 \u017cycia.<\/p>\n\n\n\n<blockquote class=\"wp-block-quote is-layout-flow wp-block-quote-is-layout-flow\">\n<p>Nasze dzia\u0142ania koncentruj\u0105 si\u0119 na z\u0142o\u017conych, wielosektorowych aktywno\u015bciach wspieraj\u0105cych senior\u00f3w poprzez motywowanie do uczestnictwa w organizowanych wydarzeniach kulturowych, edukacyjnych, sportowych, warsztatowych, a tak\u017ce tych o charakterze towarzyskim, daj\u0105cych mo\u017cliwo\u015b\u0107 sp\u0119dzenia czasu poza przestrzeni\u0105 w\u0142asnego mieszkania. S\u0105 to formy aktywno\u015bci, stanowi\u0105ce sprzeciw wobec osamotnienia i wykluczenia spo\u0142ecznego os\u00f3b starszych. Istotnym elementem dzia\u0142a\u0144 Fundacji jest r\u00f3wnie\u017c propagowanie integracji mi\u0119dzypokoleniowej, kt\u00f3rej korzy\u015bci koncentruj\u0105 si\u0119 zar\u00f3wno po stronie senior\u00f3w, jak i ludzi m\u0142odych.<\/p>\n<\/blockquote>\n\n\n\n<h2 class=\"wp-block-heading\"><strong>OPINIE NASZYCH EKSPERT\u00d3W<\/strong><\/h2>\n\n\n\n<p>W ramach opinii eksperckich dla Business Centre Club zach\u0119camy do zapoznania si\u0119 z naszym komentarzem dot. Zielonej ksi\u0119gi w sprawie starzenia si\u0119.<\/p>\n\n\n\n<figure class=\"wp-block-image size-full\"><img loading=\"lazy\" decoding=\"async\" width=\"526\" height=\"526\" src=\"https:\/\/serwer2010675.home.pl\/autoinstalator\/wordpressplugins\/wp-content\/uploads\/2025\/07\/eksperci-Business-Centre-Club.jpg\" alt=\"\" class=\"wp-image-279\" srcset=\"https:\/\/fundacjasas.pl\/wp-content\/uploads\/2025\/07\/eksperci-Business-Centre-Club.jpg 526w, https:\/\/fundacjasas.pl\/wp-content\/uploads\/2025\/07\/eksperci-Business-Centre-Club-150x150.jpg 150w\" sizes=\"auto, (max-width: 526px) 100vw, 526px\" \/><\/figure>\n\n\n\n<div class=\"wp-block-file\"><a id=\"wp-block-file--media-55b119a7-51a7-4237-afd5-f12222ba852d\" href=\"https:\/\/serwer2010675.home.pl\/autoinstalator\/wordpressplugins\/wp-content\/uploads\/2025\/07\/opinia-Zielona-Ksiega-v1.pdf\">opinia-Zielona-Ksi\u0119ga-v1<\/a><a href=\"https:\/\/serwer2010675.home.pl\/autoinstalator\/wordpressplugins\/wp-content\/uploads\/2025\/07\/opinia-Zielona-Ksiega-v1.pdf\" class=\"wp-block-file__button wp-element-button\" download aria-describedby=\"wp-block-file--media-55b119a7-51a7-4237-afd5-f12222ba852d\">Pobierz<\/a><\/div>\n\n\n\n<h2 class=\"wp-block-heading\">PRZECZYTAJ NAJNOWSZY RAPORT<\/h2>\n\n\n\n<div class=\"wp-block-file\"><a id=\"wp-block-file--media-a90bb515-9367-4c55-9e6d-1315dd5c883c\" href=\"https:\/\/serwer2010675.home.pl\/autoinstalator\/wordpressplugins\/wp-content\/uploads\/2025\/07\/Raport-FSAS-3.pdf\">Raport-FSAS-3<\/a><a href=\"https:\/\/serwer2010675.home.pl\/autoinstalator\/wordpressplugins\/wp-content\/uploads\/2025\/07\/Raport-FSAS-3.pdf\" class=\"wp-block-file__button wp-element-button\" download aria-describedby=\"wp-block-file--media-a90bb515-9367-4c55-9e6d-1315dd5c883c\">Pobierz<\/a><\/div>\n\n\n\n<figure class=\"wp-block-image size-full\"><img loading=\"lazy\" decoding=\"async\" width=\"724\" height=\"1024\" src=\"https:\/\/serwer2010675.home.pl\/autoinstalator\/wordpressplugins\/wp-content\/uploads\/2025\/07\/Ocena-potrzeb-w-zakresie-aktywizacji-seniorow-na-terenie-wojewodztwa-lodzkiego.jpg\" alt=\"\" class=\"wp-image-282\" srcset=\"https:\/\/fundacjasas.pl\/wp-content\/uploads\/2025\/07\/Ocena-potrzeb-w-zakresie-aktywizacji-seniorow-na-terenie-wojewodztwa-lodzkiego.jpg 724w, https:\/\/fundacjasas.pl\/wp-content\/uploads\/2025\/07\/Ocena-potrzeb-w-zakresie-aktywizacji-seniorow-na-terenie-wojewodztwa-lodzkiego-424x600.jpg 424w, https:\/\/fundacjasas.pl\/wp-content\/uploads\/2025\/07\/Ocena-potrzeb-w-zakresie-aktywizacji-seniorow-na-terenie-wojewodztwa-lodzkiego-106x150.jpg 106w\" sizes=\"auto, (max-width: 724px) 100vw, 724px\" \/><\/figure>\n\n\n\n<h2 class=\"wp-block-heading\">WSPIERAMY<\/h2>\n\n\n\n<figure class=\"wp-block-image size-full\"><img loading=\"lazy\" decoding=\"async\" width=\"800\" height=\"670\" src=\"https:\/\/serwer2010675.home.pl\/autoinstalator\/wordpressplugins\/wp-content\/uploads\/2025\/07\/szlachetna-paczka-2020.jpg\" alt=\"\" class=\"wp-image-283\" srcset=\"https:\/\/fundacjasas.pl\/wp-content\/uploads\/2025\/07\/szlachetna-paczka-2020.jpg 800w, https:\/\/fundacjasas.pl\/wp-content\/uploads\/2025\/07\/szlachetna-paczka-2020-600x503.jpg 600w, https:\/\/fundacjasas.pl\/wp-content\/uploads\/2025\/07\/szlachetna-paczka-2020-150x126.jpg 150w, https:\/\/fundacjasas.pl\/wp-content\/uploads\/2025\/07\/szlachetna-paczka-2020-768x643.jpg 768w\" sizes=\"auto, (max-width: 800px) 100vw, 800px\" \/><\/figure>\n","protected":false},"excerpt":{"rendered":"<p>Fundacja w swojej dzia\u0142alno\u015bci koncentruje si\u0119 na sprostaniu potrzebom wynikaj\u0105cym z zaawansowanego procesu starzenia si\u0119 spo\u0142ecze\u0144stwa, szczeg\u00f3lnie w odniesieniu do mieszka\u0144c\u00f3w regionu \u0142\u00f3dzkiego, kt\u00f3rego ten proces w spos\u00f3b szczeg\u00f3lny dotyczy. Jedn\u0105 z tych potrzeb jest szeroko rozumiana aktywizacja. Aktywni seniorzy w opinii \u015awiatowej Organizacji Zdrowia maj\u0105 mniej odczuwalne deficyty zdrowia i wi\u0119ksz\u0105 sprawno\u015b\u0107 psychofizyczn\u0105, co [&hellip;]<\/p>\n","protected":false},"author":1,"featured_media":0,"parent":0,"menu_order":0,"comment_status":"closed","ping_status":"open","template":"","meta":{"footnotes":""},"class_list":["post-2","page","type-page","status-publish","hentry"],"yoast_head":"<!-- This site is optimized with the Yoast SEO plugin v27.4 - https:\/\/yoast.com\/product\/yoast-seo-wordpress\/ -->\n<title>Strona startowa - Fundacja System Aktywizacji Seniora<\/title>\n<meta name=\"robots\" content=\"index, follow, max-snippet:-1, max-image-preview:large, max-video-preview:-1\" \/>\n<link rel=\"canonical\" href=\"https:\/\/fundacjasas.pl\/\" \/>\n<meta property=\"og:locale\" content=\"pl_PL\" \/>\n<meta property=\"og:type\" content=\"article\" \/>\n<meta property=\"og:title\" content=\"Strona startowa - Fundacja System Aktywizacji Seniora\" \/>\n<meta property=\"og:description\" content=\"Fundacja w swojej dzia\u0142alno\u015bci koncentruje si\u0119 na sprostaniu potrzebom wynikaj\u0105cym z zaawansowanego procesu starzenia si\u0119 spo\u0142ecze\u0144stwa, szczeg\u00f3lnie w odniesieniu do mieszka\u0144c\u00f3w regionu \u0142\u00f3dzkiego, kt\u00f3rego ten proces w spos\u00f3b szczeg\u00f3lny dotyczy. Jedn\u0105 z tych potrzeb jest szeroko rozumiana aktywizacja. Aktywni seniorzy w opinii \u015awiatowej Organizacji Zdrowia maj\u0105 mniej odczuwalne deficyty zdrowia i wi\u0119ksz\u0105 sprawno\u015b\u0107 psychofizyczn\u0105, co [&hellip;]\" \/>\n<meta property=\"og:url\" content=\"https:\/\/fundacjasas.pl\/\" \/>\n<meta property=\"og:site_name\" content=\"Fundacja System Aktywizacji Seniora\" \/>\n<meta property=\"article:modified_time\" content=\"2025-07-09T17:32:28+00:00\" \/>\n<meta property=\"og:image\" content=\"https:\/\/serwer2010675.home.pl\/autoinstalator\/wordpressplugins\/wp-content\/uploads\/2025\/07\/eksperci-Business-Centre-Club.jpg\" \/>\n<meta name=\"twitter:card\" content=\"summary_large_image\" \/>\n<meta name=\"twitter:label1\" content=\"Szacowany czas czytania\" \/>\n\t<meta name=\"twitter:data1\" content=\"2 minuty\" \/>\n<script type=\"application\/ld+json\" class=\"yoast-schema-graph\">{\"@context\":\"https:\\\/\\\/schema.org\",\"@graph\":[{\"@type\":\"WebPage\",\"@id\":\"https:\\\/\\\/fundacjasas.pl\\\/\",\"url\":\"https:\\\/\\\/fundacjasas.pl\\\/\",\"name\":\"Strona startowa - Fundacja System Aktywizacji Seniora\",\"isPartOf\":{\"@id\":\"https:\\\/\\\/fundacjasas.pl\\\/#website\"},\"primaryImageOfPage\":{\"@id\":\"https:\\\/\\\/fundacjasas.pl\\\/#primaryimage\"},\"image\":{\"@id\":\"https:\\\/\\\/fundacjasas.pl\\\/#primaryimage\"},\"thumbnailUrl\":\"https:\\\/\\\/serwer2010675.home.pl\\\/autoinstalator\\\/wordpressplugins\\\/wp-content\\\/uploads\\\/2025\\\/07\\\/eksperci-Business-Centre-Club.jpg\",\"datePublished\":\"2025-07-04T14:55:32+00:00\",\"dateModified\":\"2025-07-09T17:32:28+00:00\",\"breadcrumb\":{\"@id\":\"https:\\\/\\\/fundacjasas.pl\\\/#breadcrumb\"},\"inLanguage\":\"pl-PL\",\"potentialAction\":[{\"@type\":\"ReadAction\",\"target\":[\"https:\\\/\\\/fundacjasas.pl\\\/\"]}]},{\"@type\":\"ImageObject\",\"inLanguage\":\"pl-PL\",\"@id\":\"https:\\\/\\\/fundacjasas.pl\\\/#primaryimage\",\"url\":\"https:\\\/\\\/serwer2010675.home.pl\\\/autoinstalator\\\/wordpressplugins\\\/wp-content\\\/uploads\\\/2025\\\/07\\\/eksperci-Business-Centre-Club.jpg\",\"contentUrl\":\"https:\\\/\\\/serwer2010675.home.pl\\\/autoinstalator\\\/wordpressplugins\\\/wp-content\\\/uploads\\\/2025\\\/07\\\/eksperci-Business-Centre-Club.jpg\"},{\"@type\":\"BreadcrumbList\",\"@id\":\"https:\\\/\\\/fundacjasas.pl\\\/#breadcrumb\",\"itemListElement\":[{\"@type\":\"ListItem\",\"position\":1,\"name\":\"Home\",\"item\":\"https:\\\/\\\/fundacjasas.pl\\\/\"},{\"@type\":\"ListItem\",\"position\":2,\"name\":\"Strona startowa\"}]},{\"@type\":\"WebSite\",\"@id\":\"https:\\\/\\\/fundacjasas.pl\\\/#website\",\"url\":\"https:\\\/\\\/fundacjasas.pl\\\/\",\"name\":\"Fundacja System Aktywizacji Seniora\",\"description\":\"\",\"publisher\":{\"@id\":\"https:\\\/\\\/fundacjasas.pl\\\/#organization\"},\"potentialAction\":[{\"@type\":\"SearchAction\",\"target\":{\"@type\":\"EntryPoint\",\"urlTemplate\":\"https:\\\/\\\/fundacjasas.pl\\\/?s={search_term_string}\"},\"query-input\":{\"@type\":\"PropertyValueSpecification\",\"valueRequired\":true,\"valueName\":\"search_term_string\"}}],\"inLanguage\":\"pl-PL\"},{\"@type\":\"Organization\",\"@id\":\"https:\\\/\\\/fundacjasas.pl\\\/#organization\",\"name\":\"Fundacja System Aktywizacji Seniora\",\"url\":\"https:\\\/\\\/fundacjasas.pl\\\/\",\"logo\":{\"@type\":\"ImageObject\",\"inLanguage\":\"pl-PL\",\"@id\":\"https:\\\/\\\/fundacjasas.pl\\\/#\\\/schema\\\/logo\\\/image\\\/\",\"url\":\"https:\\\/\\\/fundacjasas.pl\\\/wp-content\\\/uploads\\\/2025\\\/07\\\/cropped-logo-senior-FSAS-2.jpg\",\"contentUrl\":\"https:\\\/\\\/fundacjasas.pl\\\/wp-content\\\/uploads\\\/2025\\\/07\\\/cropped-logo-senior-FSAS-2.jpg\",\"width\":700,\"height\":250,\"caption\":\"Fundacja System Aktywizacji Seniora\"},\"image\":{\"@id\":\"https:\\\/\\\/fundacjasas.pl\\\/#\\\/schema\\\/logo\\\/image\\\/\"}}]}<\/script>\n<!-- \/ Yoast SEO plugin. -->","yoast_head_json":{"title":"Strona startowa - Fundacja System Aktywizacji Seniora","robots":{"index":"index","follow":"follow","max-snippet":"max-snippet:-1","max-image-preview":"max-image-preview:large","max-video-preview":"max-video-preview:-1"},"canonical":"https:\/\/fundacjasas.pl\/","og_locale":"pl_PL","og_type":"article","og_title":"Strona startowa - Fundacja System Aktywizacji Seniora","og_description":"Fundacja w swojej dzia\u0142alno\u015bci koncentruje si\u0119 na sprostaniu potrzebom wynikaj\u0105cym z zaawansowanego procesu starzenia si\u0119 spo\u0142ecze\u0144stwa, szczeg\u00f3lnie w odniesieniu do mieszka\u0144c\u00f3w regionu \u0142\u00f3dzkiego, kt\u00f3rego ten proces w spos\u00f3b szczeg\u00f3lny dotyczy. Jedn\u0105 z tych potrzeb jest szeroko rozumiana aktywizacja. Aktywni seniorzy w opinii \u015awiatowej Organizacji Zdrowia maj\u0105 mniej odczuwalne deficyty zdrowia i wi\u0119ksz\u0105 sprawno\u015b\u0107 psychofizyczn\u0105, co [&hellip;]","og_url":"https:\/\/fundacjasas.pl\/","og_site_name":"Fundacja System Aktywizacji Seniora","article_modified_time":"2025-07-09T17:32:28+00:00","og_image":[{"url":"https:\/\/serwer2010675.home.pl\/autoinstalator\/wordpressplugins\/wp-content\/uploads\/2025\/07\/eksperci-Business-Centre-Club.jpg","type":"","width":"","height":""}],"twitter_card":"summary_large_image","twitter_misc":{"Szacowany czas czytania":"2 minuty"},"schema":{"@context":"https:\/\/schema.org","@graph":[{"@type":"WebPage","@id":"https:\/\/fundacjasas.pl\/","url":"https:\/\/fundacjasas.pl\/","name":"Strona startowa - Fundacja System Aktywizacji Seniora","isPartOf":{"@id":"https:\/\/fundacjasas.pl\/#website"},"primaryImageOfPage":{"@id":"https:\/\/fundacjasas.pl\/#primaryimage"},"image":{"@id":"https:\/\/fundacjasas.pl\/#primaryimage"},"thumbnailUrl":"https:\/\/serwer2010675.home.pl\/autoinstalator\/wordpressplugins\/wp-content\/uploads\/2025\/07\/eksperci-Business-Centre-Club.jpg","datePublished":"2025-07-04T14:55:32+00:00","dateModified":"2025-07-09T17:32:28+00:00","breadcrumb":{"@id":"https:\/\/fundacjasas.pl\/#breadcrumb"},"inLanguage":"pl-PL","potentialAction":[{"@type":"ReadAction","target":["https:\/\/fundacjasas.pl\/"]}]},{"@type":"ImageObject","inLanguage":"pl-PL","@id":"https:\/\/fundacjasas.pl\/#primaryimage","url":"https:\/\/serwer2010675.home.pl\/autoinstalator\/wordpressplugins\/wp-content\/uploads\/2025\/07\/eksperci-Business-Centre-Club.jpg","contentUrl":"https:\/\/serwer2010675.home.pl\/autoinstalator\/wordpressplugins\/wp-content\/uploads\/2025\/07\/eksperci-Business-Centre-Club.jpg"},{"@type":"BreadcrumbList","@id":"https:\/\/fundacjasas.pl\/#breadcrumb","itemListElement":[{"@type":"ListItem","position":1,"name":"Home","item":"https:\/\/fundacjasas.pl\/"},{"@type":"ListItem","position":2,"name":"Strona startowa"}]},{"@type":"WebSite","@id":"https:\/\/fundacjasas.pl\/#website","url":"https:\/\/fundacjasas.pl\/","name":"Fundacja System Aktywizacji Seniora","description":"","publisher":{"@id":"https:\/\/fundacjasas.pl\/#organization"},"potentialAction":[{"@type":"SearchAction","target":{"@type":"EntryPoint","urlTemplate":"https:\/\/fundacjasas.pl\/?s={search_term_string}"},"query-input":{"@type":"PropertyValueSpecification","valueRequired":true,"valueName":"search_term_string"}}],"inLanguage":"pl-PL"},{"@type":"Organization","@id":"https:\/\/fundacjasas.pl\/#organization","name":"Fundacja System Aktywizacji Seniora","url":"https:\/\/fundacjasas.pl\/","logo":{"@type":"ImageObject","inLanguage":"pl-PL","@id":"https:\/\/fundacjasas.pl\/#\/schema\/logo\/image\/","url":"https:\/\/fundacjasas.pl\/wp-content\/uploads\/2025\/07\/cropped-logo-senior-FSAS-2.jpg","contentUrl":"https:\/\/fundacjasas.pl\/wp-content\/uploads\/2025\/07\/cropped-logo-senior-FSAS-2.jpg","width":700,"height":250,"caption":"Fundacja System Aktywizacji Seniora"},"image":{"@id":"https:\/\/fundacjasas.pl\/#\/schema\/logo\/image\/"}}]}},"_links":{"self":[{"href":"https:\/\/fundacjasas.pl\/index.php\/wp-json\/wp\/v2\/pages\/2","targetHints":{"allow":["GET"]}}],"collection":[{"href":"https:\/\/fundacjasas.pl\/index.php\/wp-json\/wp\/v2\/pages"}],"about":[{"href":"https:\/\/fundacjasas.pl\/index.php\/wp-json\/wp\/v2\/types\/page"}],"author":[{"embeddable":true,"href":"https:\/\/fundacjasas.pl\/index.php\/wp-json\/wp\/v2\/users\/1"}],"replies":[{"embeddable":true,"href":"https:\/\/fundacjasas.pl\/index.php\/wp-json\/wp\/v2\/comments?post=2"}],"version-history":[{"count":5,"href":"https:\/\/fundacjasas.pl\/index.php\/wp-json\/wp\/v2\/pages\/2\/revisions"}],"predecessor-version":[{"id":284,"href":"https:\/\/fundacjasas.pl\/index.php\/wp-json\/wp\/v2\/pages\/2\/revisions\/284"}],"wp:attachment":[{"href":"https:\/\/fundacjasas.pl\/index.php\/wp-json\/wp\/v2\/media?parent=2"}],"curies":[{"name":"wp","href":"https:\/\/api.w.org\/{rel}","templated":true}]}}